be the first derivative of f**4/4 - 3*f**3 + 3*f**2/2 - 6*f + 1. Suppose -2*s = -2*j + 7*j - 3, s - 3 = -2*j. List the prime factors of t(s).
3, 7
Let v(b) = 27*b**2 + 19*b - 12. List the prime factors of v(4).
2, 31
Let w(k) = k**3 + 53*k**2 - 42*k + 103. List the prime factors of w(-53).
17, 137
Let u(s) = 2*s**3 - 12*s**2 - s + 965. List the prime factors of u(0).
5, 193
Let h be 740/16 - 2/8. Suppose -3*s - p + h = 0, 2*s - 2*p - 20 = s. Suppose -102 = s*o - 19*o. List the prime factors of o.
2, 17
Let y be 1/(-1) - (4 + -7). Suppose -13 = -y*t - 3*d, 27 = -0*t - 2*t + 5*d. What are the prime factors of (-11)/(t/4*2)?
2, 11
Let h(p) = 31*p**2 + p + 2. List the prime factors of h(4).
2, 251
Let y be 6/1 - -2*5/(-5). Suppose -y*z + 4*l = 57 - 689, 0 = -z + 3*l + 156. What are the prime factors of z?
3, 53
Let g be 12/(-2) - (-30)/15. List the prime factors of (14/g)/((-1)/10).
5, 7
Suppose 4*d = -3*y - 4, y = -d + 2*d + 1. Suppose 5*w + 9 = s, y = 5*s + w + w - 153. List the prime factors of s.
29
Suppose 4*a + 23 = 7. Let l be 0/(a - (-1 + 0)). Suppose -k + 7 = -l*k. What are the prime factors of k?
7
Let i = 7 + -7. Suppose g + 7*g - 552 = i. List the prime factors of g.
3, 23
Let l be 4 - ((-3 - 0) + 2). Suppose l*w - 30 = -z, -2*z = 4*w - 19 - 11. Suppose -b - 2*c + 13 = -7*c, 0 = w*b + 5*c - 35. What are the prime factors of b?
2
What are the prime factors of (24/16)/((-21)/(-12418))?
887
Let y be (-2*5/(-10))/(3/(-24)). Let a(c) = -c + 7. Let u(k) = -1. Let q(d) = a(d) + 4*u(d). What are the prime factors of q(y)?
11
Let h(k) be the second derivative of -k**4/12 - 5*k**3/2 - 6*k**2 + 7*k. Let t be h(-14). What are the prime factors of 117/t + 72/48?
2, 3, 5
Let m(n) = -n**3 - 7*n**2 - 4*n - 3. Let v be m(-5). Let c = v - -53. Let l = 43 - c. What are the prime factors of l?
23
Suppose 605 = 10*d - 5*d. What are the prime factors of d?
11
Let o(n) = n**2 + 9*n + 4. Let w = -19 + 14. Let g be o(w). List the prime factors of ((-195)/(-20))/((-6)/g).
2, 13
Let q(i) be the second derivative of -i**3/6 - 7*i**2/2 - i. Let w be q(0). Let y = w - -11. What are the prime factors of y?
2
Let j(u) = -u + 9. Let n be ((-3)/9)/((-3)/63). Let l be j(n). Suppose l*y - 4*x = 2, 4 = y - 0*x - x. List the prime factors of y.
7
Let y(q) be the third derivative of 5*q**4/24 - q**3/6 - 17*q**2. Suppose -4*o + 10 = 2*w, -4*w = o - 0*o - 6. What are the prime factors of y(o)?
3
Let h = 80 - -3791. List the prime factors of h.
7, 79
Let o(x) = -x**2 + 23*x + 18. What are the prime factors of o(17)?
2, 3, 5
Let o = 138 + -46. Let y = o + -65. What are the prime factors of y?
3
Suppose -g + 5*d - 2 = 0, -4*g + 17 - 3 = 2*d. Suppose -g*t + 10*t = 322. List the prime factors of t.
2, 23
Let x = 5 - 3. Suppose 3*o - 2*y = 63, -o - x*y + 32 = o. What are the prime factors of o?
19
Suppose 3 = 2*z - 1. Suppose 16 = 2*g + z*o, 2*g + 4*o - 12 = 3*g. Suppose 3*p - 10 = -g. List the prime factors of p.
2
List the prime factors of 7/((-49)/(-3878)) - -5.
13, 43
Let o = -43 + 54. Let x(v) = 11*v + 8*v**2 + v**2 + 2 - 10*v**2. What are the prime factors of x(o)?
2
Suppose k = -6*b + b - 5, 0 = 5*k + 5*b + 25. Let h be 15/k - (-8)/2. Suppose -g - 5*r + 17 = 0, 3*r + h + 8 = 0. List the prime factors of g.
2
Let c(w) = 10*w**2 + 18*w - 61. List the prime factors of c(-11).
3, 317
List the prime factors of 5/(8 + (-4984)/624).
2, 3, 5, 13
Let c be ((-2)/(-4))/(1/24). Let s = 62 - c. What are the prime factors of s?
2, 5
Suppose -10089 - 8127 = -22*q. What are the prime factors of q?
2, 3, 23
Suppose -2173 = -5*g + d, 6*d - 853 = -2*g + d. What are the prime factors of g?
2, 7, 31
What are the prime factors of -1 - (-9)/3*61?
2, 7, 13
Let o(y) = y - 6. Let c be o(10). Suppose 0 = 5*n - 14 + c. Suppose -n*g - g = -27. List the prime factors of g.
3
Suppose -l + 2*l + 5*x - 39 = 0, 87 = 3*l + 5*x. Suppose 0 = 2*p + 4*w - l - 98, -5*w + 58 = p. What are the prime factors of p?
3, 7
Let r(a) = 6*a**2 - 2*a - 1. Let n be r(2). List the prime factors of n + (0/3)/2.
19
Suppose 3*b = 424 + 278. List the prime factors of b.
2, 3, 13
Suppose -20 = -4*d - 3*q, -3*d - 6 = -2*d - 2*q. List the prime factors of (-20984)/(-120) + d/15.
5, 7
Suppose 0 = 4*b + 1462 - 6622. Suppose -4*a + b = 378. List the prime factors of a.
2, 3, 19
Suppose 3*p + 39 = 45. Suppose 10 = g + 4*o, 3*g + g = p*o + 40. What are the prime factors of g?
2, 5
Suppose -6*v + 5*l + 130 = -v, 2*v - 64 = -4*l. Let y = v - 13. List the prime factors of y.
3, 5
Let q be (-4)/10 - (-66)/(-10). Let l(z) = 2*z + 10. Let c be l(q). Let a(i) = -2*i + 5. List the prime factors of a(c).
13
Let g = -471 + 710. List the prime factors of g.
239
List the prime factors of (342/45)/(11/((-16995)/(-6))).
19, 103
Suppose -2*f + 1948 = z - 4*z, 4*f - 2*z - 3904 = 0. What are the prime factors of f?
977
Suppose 20*b = 1375 + 445. List the prime factors of b.
7, 13
Let v(p) be the second derivative of 4*p**3/3 + p**2 + 12*p. List the prime factors of v(8).
2, 3, 11
Let a(y) = y**3 - 6*y**2 + 3*y - 7. Let p be a(6). Suppose 8 = -c + p. What are the prime factors of (13/c)/(10/30)?
13
Let x be 2*(-1)/(-1) - 9. Let y be (2/(-7))/(1/x). List the prime factors of y/(-3) + 130/6.
3, 7
Let s(f) = -f**2 + 20 - f + f**3 + 2*f - 7. What are the prime factors of s(6)?
199
Let i = -82 + 216. Suppose 3*v - 5*s = 544 - 82, -v + i = 5*s. What are the prime factors of v?
149
Let o be 1 + (-710)/(-15) + 1/(-3). What are the prime factors of (o/(-10))/(24/(-1040))?
2, 13
Let s(y) = -y**2 + 8*y + 8. Let p be s(6). Suppose 8*d + p = 3*d, 4*a = 5*d + 112. What are the prime factors of a?
23
Let t(w) = 58*w**2 - 6*w + 7. What are the prime factors of t(2)?
227
Let b(t) = 5*t**2 - 13*t + 75. List the prime factors of b(5).
3, 5
Let k(l) be the first derivative of 7*l**2 + 21*l - 9. Let c(w) = -7*w - 10. Let n(h) = 5*c(h) + 3*k(h). What are the prime factors of n(6)?
5, 11
Let a be (-8)/28 + 23/7. Let m(q) = q + 6 + 6*q - a*q - 5*q. List the prime factors of m(-6).
2, 3
Suppose k + 4*k = -20. List the prime factors of 14*(4/8 - k).
3, 7
Suppose -2*o + 928 = n - 7*o, -4700 = -5*n - 5*o. What are the prime factors of n?
2, 7, 67
Suppose 0 = -3*u + 4*f + 3 - 4, -4*f + 7 = -5*u. Let z = u + 6. Suppose -5*j + 31 = -2*n, -9 = -z*j - 3*n - 3. List the prime factors of j.
5
Suppose 4*h - 2*k - 1034 = 0, -366 - 131 = -2*h - 3*k. List the prime factors of h.
2
Let l = -448 + 452. Suppose -5*w - 3*z + 30 = -2*z, -z + 20 = 3*w. What are the prime factors of w - l - (-9 - -1)?
3
List the prime factors of (-8)/(-20) - (74956/(-35) - -7).
5, 7, 61
Let n be (5/4)/5*(0 - 0). Let a(b) be the third derivative of -b**4/24 + 37*b**3/6 + 2*b**2. List the prime factors of a(n).
37
Let t be 4/10 - 165/(-25). Let n(o) = -o + 8. Let h be n(t). Suppose l - h = 12. What are the prime factors of l?
13
Let x be 1 + 1 + (-1 - -4) + 87. Suppose -5*v + x = 3*w, -8*w + 52 = 2*v - 3*w. List the prime factors of v.
2
Let k = -303 - -700. What are the prime factors of k?
397
Suppose 80*p - 87*p = -1841. What are the prime factors of p?
263
Suppose v = -d - 4, 2*v + 19 = -4*d + 3. Let k = -21 - -93. Suppose -5*i - 41 = -3*o, 5*o + 4*i - 21 - k = v. List the prime factors of o.
17
What are the prime factors of ((-763092)/(-987))/(2/7)?
2, 3, 11, 41
Let r(o) = -2*o**3 + 25*o**2 + 19*o + 6. Let b be (-3)/(-1 + -2 - 72/(-26)). What are the prime factors of r(b)?
2, 3, 7
Suppose 35*i - 25282 = 3908. List the prime factors of i.
2, 3, 139
Suppose a = 4*b + 517, 1754 + 903 = 5*a + 4*b. What are the prime factors of a?
23
Suppose -3*f - 5*n = -6992, -10 = 11*n - 6*n. What are the prime factors of f?
2, 3, 389
Suppose 5*t = -m - m - 320, -t + 2*m = 52. Let y = 21 - t. What are the prime factors of y?
83
Suppose 13*y - 19572 = -y. What are the prime factors of y?
2, 3, 233
Suppose 0 = f + 5*s + 14 - 20, -f + 2*s + 27 = 0. Let m(n) = n**2. Let j be m(2). Suppose j*g + 1 = f, 2*c = 2*g + 78. What are the prime factors of c?
2, 11
Suppose 21*s + 14996 = 24*s - 2*g, -2*g = -s + 4996. List the prime factors of s.
2, 5
Suppose -9*f = -4*f - 50. Let y(l) = 6*l - 7. What are the prime factors of y(f)?
53
Let v(c) = 2*c - 4. Let u be v(3). Suppose -221 + 11 = -u*a. Suppose 0 = -t + 4*t - a. What are the prime facto